{"id":25254,"date":"2020-07-08T08:20:51","date_gmt":"2020-07-08T06:20:51","guid":{"rendered":"https:\/\/www.reulsport.com\/produit\/sac-de-transit-frigo-arb-35l\/"},"modified":"2021-01-26T13:59:28","modified_gmt":"2021-01-26T12:59:28","slug":"sac-de-transit-frigo-arb-35l","status":"publish","type":"product","link":"https:\/\/www.reulsport.com\/en\/produit\/sac-de-transit-frigo-arb-35l\/","title":{"rendered":"Sac de Transit Frigo ARB 35L"},"content":{"rendered":"<div class=\"grid-container\">\n<div class=\"grid-x grid-margin-x flex-general-content text-center\">\n<div class=\"cell small-12 medium-10 medium-offset-1\">\n<section class=\"grid-x grid-margin-x\">\n<article class=\"cell small-12 medium-10 medium-offset-1 col-txt\">\n<h2 class=\"general-content__heading   \">SAC DE TRANSIT<\/h2>\n<p>Le sac de transport ARB prot\u00e8ge votre r\u00e9frig\u00e9rateur contre les bosses et les rayures tout en offrant une isolation suppl\u00e9mentaire \u00e0 des temp\u00e9ratures extr\u00eames. Fabriqu\u00e9 dans un mat\u00e9riau r\u00e9sistant et durable, le sac de transport fonctionnel ARB comprend une poche lat\u00e9rale pratique pour des articles tels que le cordon d&#8217;alimentation ou un livret d&#8217;instructions, des fentes de retenue pour les c\u00e2bles pour \u00e9loigner les c\u00e2bles des pi\u00e8ces mobiles sur une glissi\u00e8re de r\u00e9frig\u00e9rateur, ainsi que des ouvertures pour le pieds en caoutchouc du r\u00e9frig\u00e9rateur, c\u00e2bles d&#8217;alimentation, trou de bouchon de vidange et ouvre-bouteille de marque bonus.<\/p>\n<\/article>\n<\/section>\n<\/div>\n<\/div>\n<\/div>\n","protected":false},"excerpt":{"rendered":"<p>SAC DE TRANSIT Le sac de transport ARB prot\u00e8ge votre r\u00e9frig\u00e9rateur contre les bosses et les rayures tout en offrant une isolation suppl\u00e9mentaire \u00e0 des temp\u00e9ratures extr\u00eames. Fabriqu\u00e9 dans un mat\u00e9riau r\u00e9sistant et durable, le sac de transport fonctionnel ARB comprend une poche lat\u00e9rale pratique pour des articles tels que le cordon d&#8217;alimentation ou un [&hellip;]<\/p>\n","protected":false},"featured_media":19111,"comment_status":"open","ping_status":"closed","template":"","meta":[],"product_cat":[98],"product_tag":[210],"acf":[],"yoast_head":"<!-- This site is optimized with the Yoast SEO plugin v20.1 - https:\/\/yoast.com\/wordpress\/plugins\/seo\/ -->\n<title>Sac de Transit Frigo ARB 35L - ReulSport - Landrover specialist - Iveco partner<\/title>\n<meta name=\"robots\" content=\"index, follow, max-snippet:-1, max-image-preview:large, max-video-preview:-1\" \/>\n<link rel=\"canonical\" href=\"https:\/\/www.reulsport.com\/en\/produit\/sac-de-transit-frigo-arb-35l\/\" \/>\n<meta property=\"og:locale\" content=\"en_US\" \/>\n<meta property=\"og:type\" content=\"article\" \/>\n<meta property=\"og:title\" content=\"Sac de Transit Frigo ARB 35L - ReulSport - Landrover specialist - Iveco partner\" \/>\n<meta property=\"og:description\" content=\"SAC DE TRANSIT Le sac de transport ARB prot\u00e8ge votre r\u00e9frig\u00e9rateur contre les bosses et les rayures tout en offrant une isolation suppl\u00e9mentaire \u00e0 des temp\u00e9ratures extr\u00eames. Fabriqu\u00e9 dans un mat\u00e9riau r\u00e9sistant et durable, le sac de transport fonctionnel ARB comprend une poche lat\u00e9rale pratique pour des articles tels que le cordon d&#8217;alimentation ou un [&hellip;]\" \/>\n<meta property=\"og:url\" content=\"https:\/\/www.reulsport.com\/en\/produit\/sac-de-transit-frigo-arb-35l\/\" \/>\n<meta property=\"og:site_name\" content=\"ReulSport - Landrover specialist - Iveco partner\" \/>\n<meta property=\"article:modified_time\" content=\"2021-01-26T12:59:28+00:00\" \/>\n<meta property=\"og:image\" content=\"https:\/\/www.reulsport.com\/wp-content\/uploads\/2020\/07\/ARBClassicFridgeFreezerSIITransitBagStudio0319_60L_001-Edit.png\" \/>\n\t<meta property=\"og:image:width\" content=\"350\" \/>\n\t<meta property=\"og:image:height\" content=\"350\" \/>\n\t<meta property=\"og:image:type\" content=\"image\/png\" \/>\n<meta name=\"twitter:card\" content=\"summary_large_image\" \/>\n<meta name=\"twitter:label1\" content=\"Est. reading time\" \/>\n\t<meta name=\"twitter:data1\" content=\"1 minute\" \/>\n<script type=\"application\/ld+json\" class=\"yoast-schema-graph\">{\"@context\":\"https:\/\/schema.org\",\"@graph\":[{\"@type\":\"WebPage\",\"@id\":\"https:\/\/www.reulsport.com\/en\/produit\/sac-de-transit-frigo-arb-35l\/\",\"url\":\"https:\/\/www.reulsport.com\/en\/produit\/sac-de-transit-frigo-arb-35l\/\",\"name\":\"Sac de Transit Frigo ARB 35L - ReulSport - Landrover specialist - Iveco partner\",\"isPartOf\":{\"@id\":\"https:\/\/www.reulsport.com\/#website\"},\"datePublished\":\"2020-07-08T06:20:51+00:00\",\"dateModified\":\"2021-01-26T12:59:28+00:00\",\"breadcrumb\":{\"@id\":\"https:\/\/www.reulsport.com\/en\/produit\/sac-de-transit-frigo-arb-35l\/#breadcrumb\"},\"inLanguage\":\"en-US\",\"potentialAction\":[{\"@type\":\"ReadAction\",\"target\":[\"https:\/\/www.reulsport.com\/en\/produit\/sac-de-transit-frigo-arb-35l\/\"]}]},{\"@type\":\"BreadcrumbList\",\"@id\":\"https:\/\/www.reulsport.com\/en\/produit\/sac-de-transit-frigo-arb-35l\/#breadcrumb\",\"itemListElement\":[{\"@type\":\"ListItem\",\"position\":1,\"name\":\"Accueil\",\"item\":\"https:\/\/www.reulsport.com\/en\/\"},{\"@type\":\"ListItem\",\"position\":2,\"name\":\"Shop\",\"item\":\"https:\/\/www.reulsport.com\/en\/shop\/\"},{\"@type\":\"ListItem\",\"position\":3,\"name\":\"Sac de Transit Frigo ARB 35L\"}]},{\"@type\":\"WebSite\",\"@id\":\"https:\/\/www.reulsport.com\/#website\",\"url\":\"https:\/\/www.reulsport.com\/\",\"name\":\"ReulSport - Landrover specialist - Iveco partner\",\"description\":\"ReulSport est un garage Ineos, Iveco et Polaris dans la r\u00e9gion de Verviers et Li\u00e8ge. Sp\u00e9cialiste de l&#039;Offroad, de la pr\u00e9paration et de l&#039;accessoirisation. .\",\"potentialAction\":[{\"@type\":\"SearchAction\",\"target\":{\"@type\":\"EntryPoint\",\"urlTemplate\":\"https:\/\/www.reulsport.com\/?s={search_term_string}\"},\"query-input\":\"required name=search_term_string\"}],\"inLanguage\":\"en-US\"}]}<\/script>\n<!-- \/ Yoast SEO plugin. -->","yoast_head_json":{"title":"Sac de Transit Frigo ARB 35L - ReulSport - Landrover specialist - Iveco partner","robots":{"index":"index","follow":"follow","max-snippet":"max-snippet:-1","max-image-preview":"max-image-preview:large","max-video-preview":"max-video-preview:-1"},"canonical":"https:\/\/www.reulsport.com\/en\/produit\/sac-de-transit-frigo-arb-35l\/","og_locale":"en_US","og_type":"article","og_title":"Sac de Transit Frigo ARB 35L - ReulSport - Landrover specialist - Iveco partner","og_description":"SAC DE TRANSIT Le sac de transport ARB prot\u00e8ge votre r\u00e9frig\u00e9rateur contre les bosses et les rayures tout en offrant une isolation suppl\u00e9mentaire \u00e0 des temp\u00e9ratures extr\u00eames. Fabriqu\u00e9 dans un mat\u00e9riau r\u00e9sistant et durable, le sac de transport fonctionnel ARB comprend une poche lat\u00e9rale pratique pour des articles tels que le cordon d&#8217;alimentation ou un [&hellip;]","og_url":"https:\/\/www.reulsport.com\/en\/produit\/sac-de-transit-frigo-arb-35l\/","og_site_name":"ReulSport - Landrover specialist - Iveco partner","article_modified_time":"2021-01-26T12:59:28+00:00","og_image":[{"width":350,"height":350,"url":"https:\/\/www.reulsport.com\/wp-content\/uploads\/2020\/07\/ARBClassicFridgeFreezerSIITransitBagStudio0319_60L_001-Edit.png","type":"image\/png"}],"twitter_card":"summary_large_image","twitter_misc":{"Est. reading time":"1 minute"},"schema":{"@context":"https:\/\/schema.org","@graph":[{"@type":"WebPage","@id":"https:\/\/www.reulsport.com\/en\/produit\/sac-de-transit-frigo-arb-35l\/","url":"https:\/\/www.reulsport.com\/en\/produit\/sac-de-transit-frigo-arb-35l\/","name":"Sac de Transit Frigo ARB 35L - ReulSport - Landrover specialist - Iveco partner","isPartOf":{"@id":"https:\/\/www.reulsport.com\/#website"},"datePublished":"2020-07-08T06:20:51+00:00","dateModified":"2021-01-26T12:59:28+00:00","breadcrumb":{"@id":"https:\/\/www.reulsport.com\/en\/produit\/sac-de-transit-frigo-arb-35l\/#breadcrumb"},"inLanguage":"en-US","potentialAction":[{"@type":"ReadAction","target":["https:\/\/www.reulsport.com\/en\/produit\/sac-de-transit-frigo-arb-35l\/"]}]},{"@type":"BreadcrumbList","@id":"https:\/\/www.reulsport.com\/en\/produit\/sac-de-transit-frigo-arb-35l\/#breadcrumb","itemListElement":[{"@type":"ListItem","position":1,"name":"Accueil","item":"https:\/\/www.reulsport.com\/en\/"},{"@type":"ListItem","position":2,"name":"Shop","item":"https:\/\/www.reulsport.com\/en\/shop\/"},{"@type":"ListItem","position":3,"name":"Sac de Transit Frigo ARB 35L"}]},{"@type":"WebSite","@id":"https:\/\/www.reulsport.com\/#website","url":"https:\/\/www.reulsport.com\/","name":"ReulSport - Landrover specialist - Iveco partner","description":"ReulSport est un garage Ineos, Iveco et Polaris dans la r\u00e9gion de Verviers et Li\u00e8ge. Sp\u00e9cialiste de l&#039;Offroad, de la pr\u00e9paration et de l&#039;accessoirisation. .","potentialAction":[{"@type":"SearchAction","target":{"@type":"EntryPoint","urlTemplate":"https:\/\/www.reulsport.com\/?s={search_term_string}"},"query-input":"required name=search_term_string"}],"inLanguage":"en-US"}]}},"_links":{"self":[{"href":"https:\/\/www.reulsport.com\/en\/wp-json\/wp\/v2\/product\/25254"}],"collection":[{"href":"https:\/\/www.reulsport.com\/en\/wp-json\/wp\/v2\/product"}],"about":[{"href":"https:\/\/www.reulsport.com\/en\/wp-json\/wp\/v2\/types\/product"}],"replies":[{"embeddable":true,"href":"https:\/\/www.reulsport.com\/en\/wp-json\/wp\/v2\/comments?post=25254"}],"wp:featuredmedia":[{"embeddable":true,"href":"https:\/\/www.reulsport.com\/en\/wp-json\/wp\/v2\/media\/19111"}],"wp:attachment":[{"href":"https:\/\/www.reulsport.com\/en\/wp-json\/wp\/v2\/media?parent=25254"}],"wp:term":[{"taxonomy":"product_cat","embeddable":true,"href":"https:\/\/www.reulsport.com\/en\/wp-json\/wp\/v2\/product_cat?post=25254"},{"taxonomy":"product_tag","embeddable":true,"href":"https:\/\/www.reulsport.com\/en\/wp-json\/wp\/v2\/product_tag?post=25254"}],"curies":[{"name":"wp","href":"https:\/\/api.w.org\/{rel}","templated":true}]}}

<div class="grid-container">
<div class="grid-x grid-margin-x flex-general-content text-center">
<div class="cell small-12 medium-10 medium-offset-1">
<section class="grid-x grid-margin-x">
<article class="cell small-12 medium-10 medium-offset-1 col-txt">
<h2 class="general-content__heading   ">SAC DE TRANSIT</h2>
<p>Le sac de transport ARB protège votre réfrigérateur contre les bosses et les rayures tout en offrant une isolation supplémentaire à des températures extrêmes. Fabriqué dans un matériau résistant et durable, le sac de transport fonctionnel ARB comprend une poche latérale pratique pour des articles tels que le cordon d&#8217;alimentation ou un livret d&#8217;instructions, des fentes de retenue pour les câbles pour éloigner les câbles des pièces mobiles sur une glissière de réfrigérateur, ainsi que des ouvertures pour le pieds en caoutchouc du réfrigérateur, câbles d&#8217;alimentation, trou de bouchon de vidange et ouvre-bouteille de marque bonus.</p>
</article>
</section>
</div>
</div>
</div>

<p>SAC DE TRANSIT Le sac de transport ARB protège votre réfrigérateur contre les bosses et les rayures tout en offrant une isolation supplémentaire à des températures extrêmes. Fabriqué dans un matériau résistant et durable, le sac de transport fonctionnel ARB comprend une poche latérale pratique pour des articles tels que le cordon d&#8217;alimentation ou un [&hellip;]</p>

<!-- This site is optimized with the Yoast SEO plugin v20.1 - https://yoast.com/wordpress/plugins/seo/ -->
<title>Sac de Transit Frigo ARB 35L - ReulSport - Landrover specialist - Iveco partner</title>
<meta name="robots" content="index, follow, max-snippet:-1, max-image-preview:large, max-video-preview:-1" />
<link rel="canonical" href="https://www.reulsport.com/en/produit/sac-de-transit-frigo-arb-35l/" />
<meta property="og:locale" content="en_US" />
<meta property="og:type" content="article" />
<meta property="og:title" content="Sac de Transit Frigo ARB 35L - ReulSport - Landrover specialist - Iveco partner" />
<meta property="og:description" content="SAC DE TRANSIT Le sac de transport ARB protège votre réfrigérateur contre les bosses et les rayures tout en offrant une isolation supplémentaire à des températures extrêmes. Fabriqué dans un matériau résistant et durable, le sac de transport fonctionnel ARB comprend une poche latérale pratique pour des articles tels que le cordon d&#8217;alimentation ou un [&hellip;]" />
<meta property="og:url" content="https://www.reulsport.com/en/produit/sac-de-transit-frigo-arb-35l/" />
<meta property="og:site_name" content="ReulSport - Landrover specialist - Iveco partner" />
<meta property="article:modified_time" content="2021-01-26T12:59:28+00:00" />
<meta property="og:image" content="https://www.reulsport.com/wp-content/uploads/2020/07/ARBClassicFridgeFreezerSIITransitBagStudio0319_60L_001-Edit.png" />
	<meta property="og:image:width" content="350" />
	<meta property="og:image:height" content="350" />
	<meta property="og:image:type" content="image/png" />
<meta name="twitter:card" content="summary_large_image" />
<meta name="twitter:label1" content="Est. reading time" />
	<meta name="twitter:data1" content="1 minute" />
<script type="application/ld+json" class="yoast-schema-graph">{"@context":"https://schema.org","@graph":[{"@type":"WebPage","@id":"https://www.reulsport.com/en/produit/sac-de-transit-frigo-arb-35l/","url":"https://www.reulsport.com/en/produit/sac-de-transit-frigo-arb-35l/","name":"Sac de Transit Frigo ARB 35L - ReulSport - Landrover specialist - Iveco partner","isPartOf":{"@id":"https://www.reulsport.com/#website"},"datePublished":"2020-07-08T06:20:51+00:00","dateModified":"2021-01-26T12:59:28+00:00","breadcrumb":{"@id":"https://www.reulsport.com/en/produit/sac-de-transit-frigo-arb-35l/#breadcrumb"},"inLanguage":"en-US","potentialAction":[{"@type":"ReadAction","target":["https://www.reulsport.com/en/produit/sac-de-transit-frigo-arb-35l/"]}]},{"@type":"BreadcrumbList","@id":"https://www.reulsport.com/en/produit/sac-de-transit-frigo-arb-35l/#breadcrumb","itemListElement":[{"@type":"ListItem","position":1,"name":"Accueil","item":"https://www.reulsport.com/en/"},{"@type":"ListItem","position":2,"name":"Shop","item":"https://www.reulsport.com/en/shop/"},{"@type":"ListItem","position":3,"name":"Sac de Transit Frigo ARB 35L"}]},{"@type":"WebSite","@id":"https://www.reulsport.com/#website","url":"https://www.reulsport.com/","name":"ReulSport - Landrover specialist - Iveco partner","description":"ReulSport est un garage Ineos, Iveco et Polaris dans la région de Verviers et Liège. Spécialiste de l&#039;Offroad, de la préparation et de l&#039;accessoirisation. .","potentialAction":[{"@type":"SearchAction","target":{"@type":"EntryPoint","urlTemplate":"https://www.reulsport.com/?s={search_term_string}"},"query-input":"required name=search_term_string"}],"inLanguage":"en-US"}]}</script>
<!-- / Yoast SEO plugin. -->

SAC DE TRANSIT Le sac de transport ARB protège votre réfrigérateur contre les bosses et les rayures tout en offrant une isolation supplémentaire à des températures extrêmes. Fabriqué dans un matériau résistant et durable, le sac de transport fonctionnel ARB comprend une poche latérale pratique pour des articles tels que le cordon d&#8217;alimentation ou un [&hellip;]

ReulSport est un garage Ineos, Iveco et Polaris dans la région de Verviers et Liège. Spécialiste de l&#039;Offroad, de la préparation et de l&#039;accessoirisation. .
